{"id":1081,"date":"2023-12-11T13:15:09","date_gmt":"2023-12-11T13:15:09","guid":{"rendered":"https:\/\/patrick-friedl.de\/wps\/?page_id=1081"},"modified":"2025-11-12T11:30:51","modified_gmt":"2025-11-12T11:30:51","slug":"praktikum","status":"publish","type":"page","link":"https:\/\/patrick-friedl.de\/wps\/praktikum\/","title":{"rendered":"Praktikum"},"content":{"rendered":"\n<p>M\u00f6chtest Du erleben, wie es ist, im Landtag zu arbeiten? Du willst viele Menschen aus der Politik kennenlernen und Dein Praktikum im historischen Maximilianeum verbringen?<\/p>\n\n\n\n<p>Dann bewirb Dich f\u00fcr ein Praktikum bei Patrick Friedl in seinem W\u00fcrzburger B\u00fcro!<br>[Im M\u00fcnchner B\u00fcro sind bis auf Weiteres keine Praktika m\u00f6glich.]<\/p>\n\n\n\n<p>Wenn Du sehen willst, wie die Arbeit eines Politikers in der Praxis aussieht, bist Du herzlich eingeladen, Dich zu bewerben. Wichtig ist, dass Du motiviert bist und Dich f\u00fcr unsere gr\u00fcne Politik interessierst.<\/p>\n\n\n\n<p>W\u00e4hrend Deines Praktikums kannst Du an Plenumsdebatten anschauen und an Ausschusssitzungen teilnehmen. Du wirst auch Patrick zu verschiedenen Sitzungen und Terminen in Bayern begleiten k\u00f6nnen. Rechercheaufgaben geh\u00f6ren ebenfalls zu den \u00fcblichen Aufgaben w\u00e4hrend des Praktikums.<\/p>\n\n\n\n<p>Hast Du Lust, Politik in der Praxis zu erleben?<\/p>\n\n\n\n<p>Dann schicke eine aussagekr\u00e4ftige Bewerbung mit Deinem Lebenslauf und einem kurzen Motivationsschreiben an unser Wahlkreis-B\u00fcro: <a href=\"#\" data-unscramble=\"ed.ldeirf-kcirtap@grubzreuw\">wuerzburg@patrick-friedl.de<\/a><\/p>\n\n\n\n<p>Einige Erfahrungsberichte findest du <a href=\"https:\/\/patrick-friedl.de\/wps\/2025\/11\/12\/praktikantinnen\/\">hier<\/a>.<\/p>\n\n\n\n<p>Aktuell sind alle Stellen bis Ende 2025 vergeben.<\/p>\n","protected":false},"excerpt":{"rendered":"<p>M\u00f6chtest Du erleben, wie es ist, im Landtag zu arbeiten? Du willst viele Menschen aus der Politik kennenlernen und Dein Praktikum im historischen Maximilianeum verbringen? Dann bewirb Dich f\u00fcr ein [&hellip;]<\/p>\n","protected":false},"author":1,"featured_media":0,"parent":0,"menu_order":0,"comment_status":"closed","ping_status":"closed","template":"","meta":{"footnotes":""},"class_list":["post-1081","page","type-page","status-publish","hentry"],"_links":{"self":[{"href":"https:\/\/patrick-friedl.de\/wps\/wp-json\/wp\/v2\/pages\/1081","targetHints":{"allow":["GET"]}}],"collection":[{"href":"https:\/\/patrick-friedl.de\/wps\/wp-json\/wp\/v2\/pages"}],"about":[{"href":"https:\/\/patrick-friedl.de\/wps\/wp-json\/wp\/v2\/types\/page"}],"author":[{"embeddable":true,"href":"https:\/\/patrick-friedl.de\/wps\/wp-json\/wp\/v2\/users\/1"}],"replies":[{"embeddable":true,"href":"https:\/\/patrick-friedl.de\/wps\/wp-json\/wp\/v2\/comments?post=1081"}],"version-history":[{"count":7,"href":"https:\/\/patrick-friedl.de\/wps\/wp-json\/wp\/v2\/pages\/1081\/revisions"}],"predecessor-version":[{"id":3275,"href":"https:\/\/patrick-friedl.de\/wps\/wp-json\/wp\/v2\/pages\/1081\/revisions\/3275"}],"wp:attachment":[{"href":"https:\/\/patrick-friedl.de\/wps\/wp-json\/wp\/v2\/media?parent=1081"}],"curies":[{"name":"wp","href":"https:\/\/api.w.org\/{rel}","templated":true}]}}