{"id":55,"date":"2023-09-18T09:17:20","date_gmt":"2023-09-18T08:17:20","guid":{"rendered":"http:\/\/patrick-friedl.de\/wps\/?page_id=55"},"modified":"2023-12-11T13:05:41","modified_gmt":"2023-12-11T13:05:41","slug":"kontakt","status":"publish","type":"page","link":"http:\/\/patrick-friedl.de\/wps\/kontakt\/","title":{"rendered":"Kontakt"},"content":{"rendered":"\n<h4 class=\"wp-block-heading\"><strong><a href=\"https:\/\/patrick-friedl.de\/cms\/index.php\/component\/contact\/contact\/40-kontaktieren-sie-mich-vor-ort\/4?Itemid=927\">Landtagsb\u00fcro M\u00fcnchen<\/a><\/strong><\/h4>\n\n\n\n<p>Maximilianeum<br>81627 M\u00fcnchen<br>Telefon: 089\/4126-2451<br>E-Mail: <a href=\"#\" data-unscramble=\"ed.nreyab-noitkarf-eneurg@ldeirf.kcirtap\">patrick.friedl@gruene-fraktion-bayern.de<\/a><br><a href=\"http:\/\/www.gruene-fraktion-bayern.de\/\">www.gruene-fraktion-bayern.de<\/a><\/p>\n\n\n\n<h4 class=\"wp-block-heading\"><strong><a href=\"https:\/\/patrick-friedl.de\/cms\/index.php\/component\/contact\/contact\/40-kontaktieren-sie-mich-vor-ort\/2?Itemid=927\">Wahlkreisb\u00fcro W\u00fcrzburg<\/a><\/strong><\/h4>\n\n\n\n<p>Textorstra\u00dfe 14<br>97070 W\u00fcrzburg<br>Telefon: 0931-40470792<br>Telefax: 0931-40470791<br>E-Mail: <a href=\"#\" data-unscramble=\"ed.ldeirf-kcirtap@grubzreuw\">wuerzburg@patrick-friedl.de<\/a><\/p>\n\n\n\n<h4 class=\"wp-block-heading\"><strong><a href=\"https:\/\/patrick-friedl.de\/cms\/index.php\/component\/contact\/contact\/40-kontaktieren-sie-mich-vor-ort\/3?Itemid=927\">Regionalb\u00fcro Aschaffenburg<\/a><\/strong><\/h4>\n\n\n\n<p>Cornelienstra\u00dfe 3<br>63739 Aschaffenburg<br>Telefon: 06021-4510450<br>Telefax: 06021-4510451<br>E-Mail: <a href=\"#\" data-unscramble=\"ed.ldeirf-kcirtap@grubneffahcsa\">aschaffenburg@patrick-friedl.de<\/a><\/p>\n","protected":false},"excerpt":{"rendered":"<p>Landtagsb\u00fcro M\u00fcnchen Maximilianeum81627 M\u00fcnchenTelefon: 089\/4126-2451E-Mail: patrick.friedl@gruene-fraktion-bayern.dewww.gruene-fraktion-bayern.de Wahlkreisb\u00fcro W\u00fcrzburg Textorstra\u00dfe 1497070 W\u00fcrzburgTelefon: 0931-40470792Telefax: 0931-40470791E-Mail: wuerzburg@patrick-friedl.de Regionalb\u00fcro Aschaffenburg Cornelienstra\u00dfe 363739 AschaffenburgTelefon: 06021-4510450Telefax: 06021-4510451E-Mail: aschaffenburg@patrick-friedl.de<\/p>\n","protected":false},"author":1,"featured_media":0,"parent":0,"menu_order":0,"comment_status":"closed","ping_status":"closed","template":"","meta":{"footnotes":""},"class_list":["post-55","page","type-page","status-publish","hentry"],"_links":{"self":[{"href":"http:\/\/patrick-friedl.de\/wps\/wp-json\/wp\/v2\/pages\/55","targetHints":{"allow":["GET"]}}],"collection":[{"href":"http:\/\/patrick-friedl.de\/wps\/wp-json\/wp\/v2\/pages"}],"about":[{"href":"http:\/\/patrick-friedl.de\/wps\/wp-json\/wp\/v2\/types\/page"}],"author":[{"embeddable":true,"href":"http:\/\/patrick-friedl.de\/wps\/wp-json\/wp\/v2\/users\/1"}],"replies":[{"embeddable":true,"href":"http:\/\/patrick-friedl.de\/wps\/wp-json\/wp\/v2\/comments?post=55"}],"version-history":[{"count":2,"href":"http:\/\/patrick-friedl.de\/wps\/wp-json\/wp\/v2\/pages\/55\/revisions"}],"predecessor-version":[{"id":1073,"href":"http:\/\/patrick-friedl.de\/wps\/wp-json\/wp\/v2\/pages\/55\/revisions\/1073"}],"wp:attachment":[{"href":"http:\/\/patrick-friedl.de\/wps\/wp-json\/wp\/v2\/media?parent=55"}],"curies":[{"name":"wp","href":"https:\/\/api.w.org\/{rel}","templated":true}]}}

<h4 class="wp-block-heading"><strong><a href="https://patrick-friedl.de/cms/index.php/component/contact/contact/40-kontaktieren-sie-mich-vor-ort/4?Itemid=927">Landtagsbüro München</a></strong></h4>



<p>Maximilianeum<br>81627 München<br>Telefon: 089/4126-2451<br>E-Mail: <a href="#" data-unscramble="ed.nreyab-noitkarf-eneurg@ldeirf.kcirtap">patrick.friedl@gruene-fraktion-bayern.de</a><br><a href="http://www.gruene-fraktion-bayern.de/">www.gruene-fraktion-bayern.de</a></p>



<h4 class="wp-block-heading"><strong><a href="https://patrick-friedl.de/cms/index.php/component/contact/contact/40-kontaktieren-sie-mich-vor-ort/2?Itemid=927">Wahlkreisbüro Würzburg</a></strong></h4>



<p>Textorstraße 14<br>97070 Würzburg<br>Telefon: 0931-40470792<br>Telefax: 0931-40470791<br>E-Mail: <a href="#" data-unscramble="ed.ldeirf-kcirtap@grubzreuw">wuerzburg@patrick-friedl.de</a></p>



<h4 class="wp-block-heading"><strong><a href="https://patrick-friedl.de/cms/index.php/component/contact/contact/40-kontaktieren-sie-mich-vor-ort/3?Itemid=927">Regionalbüro Aschaffenburg</a></strong></h4>



<p>Cornelienstraße 3<br>63739 Aschaffenburg<br>Telefon: 06021-4510450<br>Telefax: 06021-4510451<br>E-Mail: <a href="#" data-unscramble="ed.ldeirf-kcirtap@grubneffahcsa">aschaffenburg@patrick-friedl.de</a></p>

<p>Landtagsbüro München Maximilianeum81627 MünchenTelefon: 089/4126-2451E-Mail: patrick.friedl@gruene-fraktion-bayern.dewww.gruene-fraktion-bayern.de Wahlkreisbüro Würzburg Textorstraße 1497070 WürzburgTelefon: 0931-40470792Telefax: 0931-40470791E-Mail: wuerzburg@patrick-friedl.de Regionalbüro Aschaffenburg Cornelienstraße 363739 AschaffenburgTelefon: 06021-4510450Telefax: 06021-4510451E-Mail: aschaffenburg@patrick-friedl.de</p>
